 3)*(-14)/8. Is 1760/s + 24/(-56) a composite number?
False
Suppose 0 = 5*i + u - 0*u - 30, 4*u = 0. Is 4/i*3 - (-961 + -2) a composite number?
True
Let c be 4/(((-25)/(-490))/5). Let h = c - -45. Is h a prime number?
False
Let v = 2 + 7. Let j = 6 - v. Is (1/j)/(5/(-6735)) a composite number?
False
Let c = -57 - -60. Let q(y) = 30*y**2 + y - 8. Is q(c) composite?
True
Suppose 10233 = 5*y + 4*w, -40*y - w - 6150 = -43*y. Is y composite?
True
Let d be (-1 - -5) + -4 + 12. Let c = 15 - d. Suppose -2*s + 363 - 123 = c*u, 3*u + 6 = 0. Is s prime?
False
Suppose -4*u + 34 = 5*k - 17, k = 3*u - 5. Suppose k*z - 2*z - 3155 = 0. Is z prime?
True
Is (1 - -12127) + 0 + 5 composite?
True
Suppose 26 = -p - 5*y, -7*p - 8 = -3*p - 4*y. Is (1 + p)*1899/(-45) composite?
False
Let z(p) = 5*p**2 + 5*p**2 + 0*p**2 + p**3 - 4 - 4*p**2 - 2*p. Is z(-5) a composite number?
False
Let n = -24 + 23. Is (-3 - n - 8)/(-2)*13 a composite number?
True
Let s be (-2)/(-6)*-3 + -10. Suppose 32 = -z - 3*z. Let h = z - s. Is h composite?
False
Let a = 15878 + -444. Is a composite?
True
Suppose -4*h + 6*h = 1160. Suppose 0 = -8*b + 4*b + h. Is b prime?
False
Let v(r) = -5*r + 7. Let u(p) = -2*p + 4. Let j(i) = -7*u(i) + 4*v(i). Let w be j(-16). Suppose -3*x = -3*o + w, o - 119 = -3*o - 5*x. Is o a composite number?
False
Suppose 869 = 3*w + 2*b - 350, 3*w - 1207 = -5*b. Is w a composite number?
False
Suppose 3*a = 5*z + 4 - 28, -z = 4*a + 32. Is 408 + (-14)/(-56) + (-6)/a a prime number?
True
Let j(n) = -n**3 - 7*n**2 - 5*n + 3. Let m be j(-6). Is ((-2)/m - 1)/((-17)/9741) a composite number?
False
Let c be -1 + 380 - (5 + -3). Let u = -258 + c. Is u a composite number?
True
Let f be (-2)/(-8) - (-70)/(-56). Is (24/(-30))/(f/((-7185)/(-6))) composite?
True
Let y(i) be the second derivative of 69*i**4/8 - 5*i**3/6 + i**2 - i. Let q(s) be the first derivative of y(s). Is q(2) composite?
False
Let p be (77955/30)/(2/4). Let y = 8043 - p. Is y composite?
True
Let j = 6 - 2. Suppose 0 = j*w - 0*w - l - 3187, -3*l = -3*w + 2388. Is w a prime number?
True
Let g be 14696 + 20/(-6 - -1). Suppose 0 = -5*k - q + g, 2*q + 14701 = 6*k - k. Is k prime?
True
Let f = 2007 + 1536. Is f a composite number?
True
Suppose 18*k - 25*k + 62447 = 0. Is k composite?
True
Let u = 41 - 37. Is 616 - 9/(u + -1) prime?
True
Let i(d) be the second derivative of 167*d**4/6 - d**3/3 + 19*d**2/2 - 33*d. Is i(3) a prime number?
True
Is (-351)/54*1214/(-1) a prime number?
False
Is ((-7)/(-28))/(14/383096) prime?
True
Let g = 46 - 69. Let t = g - -28. Suppose -t*z = 4*v - 592, -v + 0*v + z = -139. Is v a prime number?
False
Let u be (-1)/(-1*(-1)/(-4)). Let b be (-6)/u*1*-2. Suppose 4*a - 3*w = 1063, 5*a + b*w = 3*a + 527. Is a a composite number?
True
Let m be (4 + -3)/((-5)/20). Is ((-1 - -7) + m)/((-4)/(-1486)) a composite number?
False
Let j = -76 + 258. Suppose -3*r + j + 237 = 2*b, 0 = 5*r - b - 694. Is r a composite number?
False
Suppose -2*j - 518 + 3864 = 0. Is j composite?
True
Is (-1)/(1/5 - 66132/330385) a composite number?
False
Let k = 184169 - 107766. Is k composite?
False
Let d(i) = 33*i**3 + i**2 - 24*i - 5. Is d(9) a prime number?
True
Let g(s) = -5*s**2 - 15*s + 15. Let x(p) = 4*p**2 + 14*p - 14. Let m be (-161)/28 - 6/(-8). Let w(f) = m*g(f) - 6*x(f). Is w(11) prime?
True
Let s(w) = -w**3 + 12*w**2 - 11. Let g be s(8). Let a be g/9 + 2/(-9). Suppose 677 = -26*j + a*j. Is j a prime number?
True
Let h(g) = 9*g + 1. Let n be h(2). Suppose -3*r + 51 = -5*m, 0 = r - m - 0*m - n. Is r composite?
True
Let n(z) = -z**2 + 19*z - 51. Let l be n(16). Is 1/(l - -6) + (-1660)/(-15) a composite number?
True
Let s(f) be the second derivative of f**4/4 + 16*f**3/3 - 3*f**2/2 + 33*f. Is s(-20) composite?
False
Suppose 5*b - 3*l + 9 = 0, 0 = 4*b - 2*l + 3*l - 3. Suppose b = 6*p - 266 - 226. Is p a composite number?
True
Suppose 2*x - 54 = 6. Suppose -x*h + 25*h = -9115. Is h composite?
False
Suppose 6 = -2*y, -3*y = 3*u - 2*y - 1488. Let j = -196 + u. Is j composite?
True
Let g(u) = -u**2 + 10*u - 8. Let j be g(6). Let z = 6 - j. Let n = z - -57. Is n a prime number?
True
Suppose n - 9 - 59 = -3*w, -5*n + 3*w + 304 = 0. Suppose -107 = -g - 2*d, g - n = 4*d + 21. Let l = g + 104. Is l prime?
False
Let n be (-1)/((-2)/6)*(-186)/(-9). Suppose -n*j = -58*j - 76. Is j composite?
False
Let g be -6 + 6 + (-1 - -1044). Suppose 0 = -4*w + 3*w + g. Is w composite?
True
Let q(o) = -2*o**3 + o**2 + 2*o + 54. Let j be q(0). Let x = 1217 + j. Is x prime?
False
Suppose -2*n + 6*n = 20. Suppose p = n, 2*p = 3*t + 9 + 4. Is 1 + 0 + t - -83 prime?
True
Let u(d) = 415*d - 16. Is u(9) composite?
False
Suppose 0 = -18*p + 1667782 + 156032. Is p composite?
False
Let c(r) = 984*r - 227. Is c(14) a prime number?
False
Suppose 7 = 5*f + 3*y - 2, 2*f + 4*y - 12 = 0. Suppose 0 = -4*z - j + 4469, f = -z + 2*j + j + 1114. Is z composite?
False
Let l be 3 - ((2 - 5) + 3). Let i(c) = 31*c**2 - 2*c - 6. Is i(l) a composite number?
True
Suppose -m + 3*j - 7*j = -90, 5*m = 2*j + 406. Let v = m + -393. Let o = -184 - v. Is o a composite number?
False
Let x = 37821 + -3970. Is x a composite number?
False
Let q(g) = -64*g + 77. Is q(-8) composite?
True
Is 14/42*(-9 - -50442) a prime number?
True
Let j(y) = y**3 + 3*y**2 - 6*y - 6. Let d be j(-4). Suppose -5*w - 3 = -3*u - 17, d*w = u + 6. Is (-3048)/(-16) + u/4 a composite number?
False
Suppose 0*i + 2*i = -4*t + 36, 2*t - 18 = 5*i. Let s be t/3*-1 + -123. Let m = s + 177. Is m a composite number?
True
Suppose 13*t = 10*t + 144. Suppose -5*k - 8 = -t. Is ((-1592)/k)/(0 - 1) composite?
False
Suppose 4*k + 2*l = -44, 5*l - 58 = 3*k - 12. Is 819/2 + k/24 a prime number?
True
Suppose 4*r - 7456 = -u, 50*r - 4*u - 9341 = 45*r. Is r prime?
False
Let i(h) = 1247*h**2 - 7*h + 7. Is i(2) prime?
False
Suppose -v = 4*x - 12, -4*v + 14 = 3*x - 2*v. Let y be -3 + 0/x + 132. Suppose 0 = 7*z - y - 4. Is z a composite number?
False
Let v = 7 - 5. Suppose 0 = -v*a - 0*a. Suppose a = -3*h - 295 + 1174. Is h prime?
True
Let t(x) = x**3 - x**2 - 5*x - 3. Let r be t(-6). Let m = -158 - r. Is m prime?
True
Let c = -11 + 15. Suppose c*p = 580 + 80. Suppose -13*n = -8*n - p. Is n a composite number?
True
Let k be ((-42)/5)/(15/(-350)). Suppose 3*c + 4*m = 655, 4*c - 689 = -3*m + k. Let t = 382 - c. Is t prime?
True
Let n = 20 - 22. Is 8418/12*(n - -4) + 2 prime?
False
Let w = -241 + 401. Let r be ((-6)/(-9))/((-4)/(-30)). Suppose -5*a - r = -w. Is a composite?
False
Let s(o) = -2*o + 53. Let x(b) = b - 26. Let l(w) = -6*s(w) - 13*x(w). Is l(-11) a composite number?
False
Let r(f) = 48*f**2 - 25*f - 1. Is r(4) prime?
False
Suppose y + 34730 = 3*y + 4*k, -4*k + 69468 = 4*y. Is y prime?
False
Let q(p) = 3*p**2 - p + 1. Let o be q(1). Suppose 8 = x + o. Suppose -x*v + 2090 = 435. Is v a composite number?
False
Let l(v) = 2213*v**2 - 26*v + 118. Is l(5) composite?
False
Suppose -3*w + 9*w + 1740 = 0. Let t = w + 1033. Is t a prime number?
True
Let k be 12/(-8)*(-42)/9. Let h(l) = 91*l - 4. Let x be h(k). Suppose 4*t - x = t. Is t composite?
False
Let s(k) = -2033*k - 21. Let a be s(-3). Suppose a = 2*p + z, -4001 - 2057 = -2*p + 4*z. Is p composite?
False
Suppose -x - 3 = -0. Let a(q) = -15*q**3 - 4*q**2 - 2*q - 2. Is a(x) composite?
False
Is ((-21)/2)/(-7)*2 - -2560 composite?
True
Suppose o + 3 = -4*n, 0*o - o + 3*n + 11 = 0. Suppose 2*q + 3*s - 4*s - 1405 = 0, o*q = -3*s + 3496. Is q a prime number?
True
Let h(n) = n**3 - 2*n**2 + 5*n + 3937. Is h(0) composite?
True
Let y = -75 + 80. Suppose 0 = -y*j - 0*j + 115. Is j composite?
False
Suppose -45*q + 741396 = -1068189. Is q composite?
False
Let v be 952/(-21)*(-99)/4. Let m = 383 - v. Let t = 1380 + m. Is t a composite number?
False
Let r(h) = 99*h**2 - 2. Let z be r(-2). Suppose -3*k + z + 173 = 0. Is k/4 - 2/8 a composite number?
False
Let i(c) = -2372*c + 99. Is i(-4) a prime number?
True
Suppose m = -4*m + 34085. Is m a composite number?
True
Suppose -b - 35 + 551 = -a, 2590 = 5*b - 3*a. Is b a prime number?
True
Let j(o) = 8*o**2 + 293. Is j(40) a composite number?
False
Suppose 0 = -5*j + 5151 + 5199. Let m = -509 + j. Is m prime?
False
Let s(b) = 4*b**2 + 8 - 5*b**2 + 2*b**3 - 16*b - 2*b**2. Let c be s(11). Suppose -p = 3*f - 0*f - 430, c = 5*p - 4*f. Is p composi